{"id":300,"date":"2020-11-17T01:50:53","date_gmt":"2020-11-17T00:50:53","guid":{"rendered":"http:\/\/teodorowicz.com\/sklep\/?post_type=product&#038;p=300"},"modified":"2020-12-14T10:31:30","modified_gmt":"2020-12-14T09:31:30","slug":"automobilem-we-mgle-spotkanie","status":"publish","type":"product","link":"https:\/\/teodorowicz.com\/sklep\/produkt\/automobilem-we-mgle-spotkanie","title":{"rendered":"Automobilem we mgle spotkanie"},"content":{"rendered":"","protected":false},"excerpt":{"rendered":"<hr \/>\n<p>&#8222;Automobilem we mgle spotkanie&#8221; jest rysunkiem w oryginale wykonanym za pomoc\u0105 tempery, pasteli olejnej i akrylu poprzez wydrapywanie, wycinanie i napr\u00f3szanie na papierze. Delikatna kolorystyka- b\u0142\u0119kity i szaro\u015bci. Jego wymiary to 45 x 25 cm. Druk na papierze bawe\u0142nianym 300g. Sygnowany. Limitowany.<\/p>\n<hr \/>\n","protected":false},"featured_media":2905,"comment_status":"open","ping_status":"closed","template":"","meta":[],"_links":{"self":[{"href":"https:\/\/teodorowicz.com\/sklep\/wp-json\/wp\/v2\/product\/300"}],"collection":[{"href":"https:\/\/teodorowicz.com\/sklep\/wp-json\/wp\/v2\/product"}],"about":[{"href":"https:\/\/teodorowicz.com\/sklep\/wp-json\/wp\/v2\/types\/product"}],"replies":[{"embeddable":true,"href":"https:\/\/teodorowicz.com\/sklep\/wp-json\/wp\/v2\/comments?post=300"}],"wp:featuredmedia":[{"embeddable":true,"href":"https:\/\/teodorowicz.com\/sklep\/wp-json\/wp\/v2\/media\/2905"}],"wp:attachment":[{"href":"https:\/\/teodorowicz.com\/sklep\/wp-json\/wp\/v2\/media?parent=300"}],"curies":[{"name":"wp","href":"https:\/\/api.w.org\/{rel}","templated":true}]}}