{"id":314,"date":"2020-11-17T02:07:20","date_gmt":"2020-11-17T01:07:20","guid":{"rendered":"http:\/\/teodorowicz.com\/sklep\/?post_type=product&#038;p=314"},"modified":"2024-07-09T20:48:21","modified_gmt":"2024-07-09T18:48:21","slug":"spotkanie-na-skraju-swiata","status":"publish","type":"product","link":"https:\/\/teodorowicz.com\/sklep\/produkt\/spotkanie-na-skraju-swiata","title":{"rendered":"Spotkanie na skraju \u015bwiata"},"content":{"rendered":"","protected":false},"excerpt":{"rendered":"<hr \/>\n<p>&#8222;Spotkanie na skraju \u015bwiata&#8221; to rysunek w oryginale wykonany temper\u0105, tuszem, akwarel\u0105, kredk\u0105 i pastel\u0105 olejn\u0105 na papierze o formacie 70 x 50 cm. Druk na papierze bawe\u0142nianym 300g. Sygnowany. Limitowany.<\/p>\n<hr \/>\n<p>&nbsp;<\/p>\n","protected":false},"featured_media":2449,"comment_status":"open","ping_status":"closed","template":"","meta":[],"_links":{"self":[{"href":"https:\/\/teodorowicz.com\/sklep\/wp-json\/wp\/v2\/product\/314"}],"collection":[{"href":"https:\/\/teodorowicz.com\/sklep\/wp-json\/wp\/v2\/product"}],"about":[{"href":"https:\/\/teodorowicz.com\/sklep\/wp-json\/wp\/v2\/types\/product"}],"replies":[{"embeddable":true,"href":"https:\/\/teodorowicz.com\/sklep\/wp-json\/wp\/v2\/comments?post=314"}],"wp:featuredmedia":[{"embeddable":true,"href":"https:\/\/teodorowicz.com\/sklep\/wp-json\/wp\/v2\/media\/2449"}],"wp:attachment":[{"href":"https:\/\/teodorowicz.com\/sklep\/wp-json\/wp\/v2\/media?parent=314"}],"curies":[{"name":"wp","href":"https:\/\/api.w.org\/{rel}","templated":true}]}}