{"id":504,"date":"2020-11-18T18:46:22","date_gmt":"2020-11-18T17:46:22","guid":{"rendered":"http:\/\/teodorowicz.com\/sklep\/?post_type=product&#038;p=504"},"modified":"2020-12-14T04:13:25","modified_gmt":"2020-12-14T03:13:25","slug":"sowa-04-2","status":"publish","type":"product","link":"https:\/\/teodorowicz.com\/sklep\/produkt\/sowa-04-2","title":{"rendered":"Astrosowa"},"content":{"rendered":"","protected":false},"excerpt":{"rendered":"<hr \/>\n<p>Astrosowa oprawiona w ramk\u0119 koloru bia\u0142ego, o wymiarach 15,5 x 20,5 cm, grubo\u015bci 3,5 cm, passe-partout r\u00f3wnie\u017c bia\u0142e. \u017bywe, \u015bwietliste kolory, ksi\u0119\u017cycowe wdzianko. Druga z serii na sto zaplanowanych wydruk\u00f3w (2\/100). Druk na papierze bawe\u0142nianym 300g. Sygnowana. Dodatkowo do\u0142\u0105czone r\u0119cznie robione pude\u0142ko z bia\u0142ej tektury. Obrazek mo\u017cna powiesi\u0107 lub postawi\u0107 (n\u00f3\u017cka).<\/p>\n<hr \/>\n","protected":false},"featured_media":513,"comment_status":"closed","ping_status":"closed","template":"","meta":[],"_links":{"self":[{"href":"https:\/\/teodorowicz.com\/sklep\/wp-json\/wp\/v2\/product\/504"}],"collection":[{"href":"https:\/\/teodorowicz.com\/sklep\/wp-json\/wp\/v2\/product"}],"about":[{"href":"https:\/\/teodorowicz.com\/sklep\/wp-json\/wp\/v2\/types\/product"}],"replies":[{"embeddable":true,"href":"https:\/\/teodorowicz.com\/sklep\/wp-json\/wp\/v2\/comments?post=504"}],"wp:featuredmedia":[{"embeddable":true,"href":"https:\/\/teodorowicz.com\/sklep\/wp-json\/wp\/v2\/media\/513"}],"wp:attachment":[{"href":"https:\/\/teodorowicz.com\/sklep\/wp-json\/wp\/v2\/media?parent=504"}],"curies":[{"name":"wp","href":"https:\/\/api.w.org\/{rel}","templated":true}]}}